est common factor of 3 and n?
3
Let n(l) = -50*l + 3. Let b be n(-5). Let t(a) = a**3 + 2*a**2 + a + 4. Let x be t(0). Suppose -5*k = -x*k - b. What is the greatest common factor of k and 23?
23
Suppose 4*q + 18 = -3*t, 0 = 5*q - t - t + 11. Let l be (-336)/6*q/(-4)*-2. What is the highest common divisor of 21 and l?
21
Let r be ((-981)/(-15))/(-6 - 728/(-120)). What is the greatest common divisor of 18 and r?
9
Suppose -5*u = -0*v - 2*v - 1500, 0 = -3*u + 3*v + 900. Calculate the highest common factor of 24 and u.
12
Let b = -1569 + 564. Let c be (-6)/(-21) - b/(-21)*-2. What is the highest common divisor of c and 24?
24
Suppose 0 = -3*b + 15, 0*b + 3*b - 19 = -2*k. Suppose -k*i = -5*o - 41, -4*i + o = -o - 106. Calculate the greatest common divisor of i and 42.
14
Suppose 0 = 2*f - 6*f. Suppose 0*p - 3*p - 3 = f. Let n be (p - 6/(-9))*-132. Calculate the greatest common factor of 11 and n.
11
Let o(h) = 7*h - 69. Let b be o(-6). Let l = b + 126. Calculate the greatest common factor of 60 and l.
15
Let k be (152/114)/(3/((-225)/(-2))). Calculate the highest common divisor of 550 and k.
50
Let l = 4013 + -1946. Suppose -5*k + 2068 = -2*f, 6*f - 9*f = -5*k + l. Calculate the greatest common divisor of k and 46.
46
Let l(h) = -h**3 + 6*h**2 + 26*h - 39. Let y be l(8). What is the greatest common divisor of y and 2911?
41
Let y(w) = 3*w**2 - w - 25. Let q be y(7). What is the highest common divisor of 69 and q?
23
Let w(p) = p**2 + 4*p + 10. Suppose 28*a = 32*a + 20. Let n be w(a). Calculate the greatest common divisor of 120 and n.
15
Let w be (-1)/4 + 2802/(-24). Let c = 126 + w. What is the greatest common factor of c and 36?
9
Let b be (-1 + 6)*-1*-18. Suppose t = 5*h + 47 + 35, h = 4*t - 271. Suppose t = 4*y - q, -2*y + 2*q = 9 - 35. What is the greatest common factor of b and y?
18
Suppose 27*j - 30*j = t - 153, 5*j + 3*t - 251 = 0. Calculate the highest common factor of j and 403.
13
Let l be (14/4)/((-259)/(-444)). Calculate the greatest common divisor of 162 and l.
6
Let r(i) = -213*i + 2. Let p be r(-1). Let c = p + -89. Calculate the greatest common divisor of c and 18.
18
Suppose 0 = -2*b - 9 + 35. Let c = b - 10. Suppose c*r + 36 = 6*r. What is the highest common divisor of r and 48?
12
Suppose 4*a - 2*b = 3710, 3707 = 6*a - 2*a - 5*b. Calculate the greatest common divisor of a and 29.
29
Let r = -72 + 145. Suppose 0 = 3*t + 16 - r. Suppose -t = -w + 152. What is the highest common divisor of 19 and w?
19
Let b = -6 + 19. Let z = 37 - 16. Let m = 83 + z. What is the highest common factor of m and b?
13
Let s = 548 + -383. Calculate the highest common factor of 66 and s.
33
Suppose -2*b + 0*g = -2*g - 18, 2*g + 31 = 3*b. Calculate the greatest common divisor of 13 and b.
13
Let w be 3 - (2 + 1/(-1)). Suppose 3 + 5 = w*s. Suppose -s*h = -6*h + 20. Calculate the highest common divisor of 50 and h.
10
Let r(u) = 2*u - 4. Suppose 0 = 11*q - 7*q - 12. Let f be r(q). Suppose f*o + 8 = -4*l + 44, 5*l = -o + 30. What is the greatest common divisor of 5 and o?
5
Suppose 0 = -5*u + 2*y + 214, -2*u + 5*y - 8 + 81 = 0. What is the highest common factor of 154 and u?
22
Suppose -2*n - i = 0, -3*i = -2*n + 3*n + 10. Suppose -2*a - 20 - 64 = -n*l, 0 = l - 4*a - 45. What is the greatest common factor of l and 164?
41
Let f(h) be the second derivative of 5*h**3/6 - h**2 + 11*h. Let o be f(3). What is the greatest common divisor of 39 and o?
13
Let s(m) = m**3 + 4*m**2 - 4*m + 6. Suppose 28 - 16 = -3*o. Let v be s(o). Let l = -7 - -62. What is the greatest common divisor of l and v?
11
Let g = -202 + 208. What is the greatest common divisor of 8 and g?
2
Let b(l) = -4*l + 9. Let f be b(6). Let r = f - -20. Suppose -23 = -4*d + 3*y + 69, -2*y = 5*d - 92. What is the highest common factor of r and d?
5
Let q be 12 - (-2)/(4 + -2). Suppose -t = 3*t - 16. Suppose t*a - 5*a = -13. What is the highest common divisor of a and q?
13
Let q = 8 + -4. Let a(c) be the first derivative of 4*c**3/3 - c**2/2 - 2*c - 14. Let n be a(2). What is the greatest common divisor of n and q?
4
Suppose 2*m + 5*h = -2*m + 6, 0 = m + 2*h. Suppose 55 = 3*k - 47. Suppose k = -6*g + 82. What is the highest common divisor of g and m?
4
Let p be (115/46)/(15/612). Calculate the highest common divisor of p and 6.
6
Suppose 13*g - 17*g - 4*f = -356, 5*f - 275 = -3*g. Calculate the greatest common factor of 10 and g.
5
Let r = 121 + -59. Let d = 1412 + -1319. What is the highest common factor of d and r?
31
Suppose 5*d = -3*l + 98, -7*d + 4*d - 2*l + 58 = 0. Suppose 13 = -w + d. Calculate the highest common divisor of 99 and w.
9
Let i(q) = 21*q**2 - 15*q - 81. Let g be i(-4). What is the greatest common factor of g and 27?
9
Suppose -17 = -3*s + 2*t, 8*t + 22 = 2*s + 12*t. Let y be (-4)/(-18) - 16/(-9). Suppose 0*f = -y*f + 112. What is the highest common factor of f and s?
7
Suppose x - 18 = -0*x. Let v be (5 - 1)/((-5)/(-320)). Let n = v - 112. Calculate the greatest common factor of n and x.
18
Let g = -55 - -60. Suppose -3*f = 2*f, 0 = -g*t - 3*f + 160. Calculate the highest common factor of 288 and t.
32
Let j(t) = -t**2 + t + 31. Let m be j(-5). What is the highest common divisor of 8 and m?
1
Let w = -17 - -12. Let h(p) = p**2 + 2*p + 14. Let m be h(-3). Let v = m - w. What is the greatest common factor of v and 11?
11
Let u be 2/(-12)*-86*(43 - 4). Calculate the highest common factor of u and 13.
13
Suppose 3*o - 132 = -4*n, 2*n - 88 = -0*o + 4*o. Suppose -3 - 6 = 3*v. Let b = 1 - v. Calculate the highest common divisor of b and n.
4
Let u be ((-6)/(-7))/((-1)/7). Let j be (3 + (-11)/2)*u. Let p be ((-18)/15)/((-6)/j). What is the highest common divisor of 15 and p?
3
Suppose -2*m - 3*h = -172, 5*m - h - 491 = -95. Let l be (2/5)/((-1)/(-40)). What is the highest common divisor of l and m?
16
Suppose 148*l - 153*l + 55 = 0. What is the highest common divisor of 891 and l?
11
Suppose -306 = -18*y - 0*y. Calculate the highest common divisor of y and 187.
17
Let r = 2015 - 481. Calculate the highest common factor of 26 and r.
26
Let j = -340 - -714. What is the highest common factor of j and 22?
22
Let y(u) = u**2 - 22*u + 89. Let l be y(5). Suppose q = 11 + 11. Let v = q + -16. What is the greatest common divisor of l and v?
2
Suppose -2*u - 3*i = -12, -4*i = 4*u - u - 19. What is the highest common divisor of u and 72?
9
Let s(i) = -13*i + 948. Let m be s(-25). What is the greatest common divisor of 67 and m?
67
Let v = -484 + 752. What is the highest common divisor of v and 201?
67
Suppose 2*v + 48 = x, -16*x = 2*v - 11*x + 72. Let g = v + 39. Let a(b) = 26*b**2. Let o be a(2). Calculate the greatest common divisor of o and g.
13
Let k be -1 + (-2 - -5 - 4). Let z be 0/k + (-10)/(-5). Suppose -z*i + 19 = 3. Calculate the greatest common factor of 2 and i.
2
Let v be (9/3 - 99/22)*-24. Calculate the highest common divisor of 16 and v.
4
Let m(l) = -l - 3. Let x be m(-6). Let b be (-9)/(-6)*3/27*6. Calculate the greatest common factor of x and b.
1
Suppose 0 = 2*a - 826 - 708. What is the greatest common factor of a and 26?
13
Let w = 36 + -8. Let t(n) = n**3 + 6*n**2 - 6*n - 5. Let k be t(-7). Let s = k + 19. What is the greatest common factor of w and s?
7
Let l be (-4)/(-3)*15/(-50)*5. Suppose -3*w + 10 = -8. Let i be (w/l)/((-6)/104). Calculate the greatest common divisor of 13 and i.
13
Let t(y) = y**2 - 13*y + 68. Let r(m) = -3*m + 17. Let v(a) = -9*r(a) + 2*t(a). Let l be v(-6). Calculate the greatest common factor of 14 and l.
7
Suppose -5*k + 16*k = 154. Calculate the highest common divisor of 14 and k.
14
Let g(s) = s**2 + 38*s - 231. Let b be g(-55). What is the greatest common factor of 264 and b?
88
Suppose 1196 = 23*q + 322. What is the greatest common factor of 247 and q?
19
Suppose -4*g = -161 + 21. Let p(j) = -2*j - 28. Let v be p(-13). Let r be -2 + 2 - v*140. Calculate the greatest common factor of r and g.
35
Suppose 2*x + 0*x = 0. Let v be 8 + -5 - (3 + x). Suppose 4*g + v*u = 2*u + 528, 4*g - 532 = 3*u. Calculate the highest common divisor of 13 and g.
13
Suppose -3*k - 2 = -11. Suppose -58 = -3*l + 26. Suppose -2*s = -f + l, -6*f + 5*s = -f - 130. What is the greatest common factor of f and k?
3
Let s(x) = 5*x**2 - x**3 + 4*x**2 + 6*x**2 - 4*x**2 + 6. L